e the highest common factor of 27145 and 2135.
305
Calculate the highest common divisor of 36 and 119684.
4
Calculate the highest common factor of 609763 and 2310.
77
Calculate the greatest common divisor of 11075 and 1025.
25
Calculate the greatest common factor of 466 and 1184.
2
What is the highest common divisor of 184 and 3818?
46
What is the highest common divisor of 1692 and 419652?
36
Calculate the greatest common divisor of 1640 and 35.
5
Calculate the highest common factor of 15553 and 9167.
103
What is the highest common divisor of 125 and 185875?
125
Calculate the greatest common factor of 228 and 29924.
4
What is the greatest common divisor of 19 and 2869?
19
What is the highest common factor of 69 and 540477?
69
What is the greatest common factor of 289 and 1411?
17
Calculate the highest common factor of 496 and 71672.
248
Calculate the greatest common factor of 7439 and 7785.
173
What is the greatest common divisor of 15079 and 258117?
887
What is the highest common divisor of 3245067 and 285?
57
Calculate the highest common factor of 81536 and 7072.
416
Calculate the greatest common divisor of 3564 and 410616.
108
What is the highest common divisor of 835 and 850?
5
Calculate the greatest common divisor of 3404 and 12190.
46
What is the highest common divisor of 88640 and 340?
20
Calculate the greatest common factor of 66 and 4151598.
66
Calculate the highest common divisor of 2430 and 53400.
30
Calculate the highest common factor of 455 and 74935.
35
Calculate the highest common divisor of 4667 and 572.
13
Calculate the highest common factor of 33545 and 10.
5
Calculate the highest common factor of 268338 and 42.
42
What is the greatest common divisor of 8400 and 295575?
525
Calculate the highest common factor of 441628 and 44.
44
Calculate the greatest common factor of 110908 and 3196.
68
What is the greatest common divisor of 9503 and 11050?
221
Calculate the greatest common factor of 670 and 22990.
10
Calculate the greatest common divisor of 15112134 and 18.
18
What is the greatest common divisor of 5006 and 1286?
2
What is the highest common divisor of 217 and 64511?
31
What is the highest common divisor of 195400 and 850?
50
Calculate the highest common divisor of 280 and 1295.
35
Calculate the highest common factor of 416 and 524800.
32
What is the highest common factor of 49380 and 120?
60
Calculate the greatest common divisor of 192 and 287736.
24
What is the highest common divisor of 15191 and 979?
11
Calculate the greatest common divisor of 1863072 and 12.
12
What is the highest common divisor of 880556 and 348?
116
What is the greatest common divisor of 207 and 2039157?
207
What is the highest common factor of 38 and 982110?
38
Calculate the greatest common factor of 46662 and 924.
462
Calculate the greatest common factor of 7034 and 110.
2
Calculate the greatest common divisor of 266859 and 36.
9
What is the highest common divisor of 9667 and 49?
7
Calculate the highest common factor of 68820 and 7400.
740
What is the greatest common factor of 125 and 2?
1
Calculate the highest common divisor of 212 and 20405.
53
Calculate the greatest common factor of 6622805 and 35.
35
What is the highest common divisor of 206 and 2972?
2
Calculate the greatest common divisor of 279835 and 5.
5
What is the highest common factor of 1387988 and 114?
38
What is the highest common divisor of 987 and 404012?
329
Calculate the highest common divisor of 128 and 1231696.
16
What is the greatest common factor of 1159 and 2128?
19
What is the highest common divisor of 65379 and 186?
93
What is the highest common divisor of 88 and 22?
22
Calculate the greatest common factor of 2321982 and 702.
234
Calculate the highest common factor of 171 and 35208.
9
Calculate the greatest common factor of 21 and 5747.
7
What is the greatest common factor of 46618 and 572?
286
What is the greatest common factor of 119 and 11235?
7
Calculate the highest common factor of 60 and 146532.
12
What is the greatest common divisor of 394671 and 1172?
293
Calculate the greatest common divisor of 11319 and 1265.
11
What is the highest common factor of 1073 and 551?
29
Calculate the highest common factor of 16359 and 336.
21
Calculate the greatest common factor of 6076 and 823236.
124
What is the greatest common divisor of 378 and 260610?
42
Calculate the highest common divisor of 11980 and 35.
5
What is the greatest common divisor of 21488 and 408?
136
What is the greatest common divisor of 1016 and 6350?
254
What is the highest common factor of 178010 and 196?
14
What is the greatest common factor of 343 and 22148?
49
What is the greatest common factor of 1003668 and 24?
12
Calculate the greatest common divisor of 12015 and 297.
27
Calculate the greatest common divisor of 11061 and 81.
9
Calculate the greatest common divisor of 10850 and 5600.
350
Calculate the greatest common divisor of 3449320 and 485.
485
What is the highest common factor of 517200 and 1320?
120
What is the highest common divisor of 121 and 16896?
11
What is the greatest common divisor of 4032 and 164178?
126
Calculate the greatest common divisor of 1511908 and 4.
4
Calculate the greatest common divisor of 59328 and 15656.
824
What is the greatest common factor of 3409 and 151457?
487
Calculate the greatest common factor of 139602 and 318.
318
What is the greatest common divisor of 4558 and 27136?
106
Calculate the highest common divisor of 46 and 247526.
46
Calculate the highest common divisor of 7260 and 465.
15
What is the greatest common factor of 65814 and 28?
14
What is the greatest common factor of 200616 and 312?
312
What is the greatest common divisor of 3108 and 6258?
42
What is the highest common divisor of 59 and 795615?
59
What is the greatest common factor of 203757 and 69?
69
What is the highest common divisor of 3910 and 30430?
170
Calculate the highest common factor of 1834 and 98.
14
What is the highest common factor of 1931734 and 1519?
217
Calculate the greatest common divisor of 792 and 27288.
72
Calculate the highest common factor of 15047 and 26057.
367
What is the greatest common factor of 372 and 2325?
93
What is the greatest common factor of 87 and 17371?
29
What is the greatest common factor of 254 and 55753?
127
What is the greatest common divisor of 697 and 195119?
41
What is the highest common divisor of 332 and 32?
4
What is the highest common divisor of 20368 and 1608?
536
Calculate the highest common divisor of 142800 and 7735.
595
Calculate the highest common divisor of 4082 and 10816.
26
What is the greatest common factor of 350 and 148970?
10
What is the highest common factor of 1378 and 1590?
106
Calculate the greatest common divisor of 677238 and 820.
82
What is the highest common factor of 351 and 7800?
39
What is the highest common factor of 12 and 109092?
12
Calculate the greatest common factor of 3970766 and 148.
74
What is the greatest common factor of 1494 and 115536?
498
Calculate the greatest common factor of 10266 and 1392.
174
Calculate the highest common divisor of 6 and 17006.
2
Calculate the highest common factor of 74535 and 60.
15
What is the highest common factor of 243 and 22923?
81
What is the highest common divisor of 86 and 49579?
43
What is the highest common factor of 2296 and 98?
14
What is the greatest common divisor of 156 and 426036?
156
What is the highest common divisor of 218247 and 23?
23
Calculate the greatest common factor of 98690 and 3905.
355
Calculate the highest common factor of 331417 and 57.
19
What is the highest common factor of 228 and 4370361?
57
What is the highest common divisor of 133 and 1759723?
133
What is the greatest common factor of 7577997 and 21?
21
What is the highest common divisor of 9707 and 23411?
571
What is the greatest common factor of 3731 and 91?
91
What is the greatest common divisor of 117590 and 330?
110
What is the highest common factor of 1 and 21107?
1
What is the greatest common divisor of 612 and 530451?
153
What is the highest common divisor of 126538 and 1676?
838
Calculate the highest common divisor of 108852 and 47.
47
What is the highest common factor of 153179 and 13?
13
What is the highest common factor of 9766 and 6682?
514
Calculate the highest common divisor of 5682150 and